5*s - 2*o + 8, 3*s = 5*o + 6. Let x(q) = 44*q - 37*q - s*q**2 - 2 + 2 + 9. Calculate x(7).
-40
Let g(u) be the third derivative of -u**5/60 - 5*u**4/24 - 4*u**3/3 - 6*u**2 + 56*u. What is g(-9)?
-44
Let p(r) = 3*r - 9. Let a = -15 - -20. Let x be p(a). Let v(t) = x - 3 + 2 + t**3 - 1 - 3*t. Give v(-3).
-14
Let c(h) be the first derivative of -5*h**4/4 + h**2/2 + 2*h - 26. Let g be 1/(-2 - -3)*-1. Let s be c(g). Let m(i) = 2*i - 7. What is m(s)?
5
Let q(j) = -j + 1. Let x be q(9). Let s be (22/(-4))/(4/x). Let r(i) = s*i**2 - 17*i**2 - 5 + 7*i**2. What is r(-4)?
11
Let n be 4/18 - 860/(-180). Let m(f) = -1 - 9 + 3*f + 10 - n. Suppose 6*i = 7*i - 6. What is m(i)?
13
Let o = 104232 + -104227. Let y(f) = -f**2 + 6 - 1 + 3*f + 9. Give y(o).
4
Let f = 836 + -833. Let j(g) = -g + 2*g**2 + 23*g**2 - 1 - 13*g**2 + 2*g + g**f + 0. Determine j(-12).
-13
Let g(j) = -8*j**3 - 22*j**2 + 34*j - 49. Let c(n) = -3*n**3 - 11*n**2 + 16*n - 24. Let l(o) = -5*c(o) + 2*g(o). What is l(10)?
2
Suppose 65*y - 73*y = -48. Let m(q) = -46 - 16 + 41 + 4*q. Calculate m(y).
3
Let q(d) = -2*d**3 + 7*d**2 + d + 1. Let r(t) = t**3 - 14*t**2 - 25*t + 591. Let h be r(12). What is q(h)?
13
Let p(y) be the third derivative of -y**6/120 - y**4/24 - y**3/3 + y**2. Let j(m) = -m**3 + 136*m**2 - 4617*m + 142. Let b be j(71). Determine p(b).
-2
Let g(x) = 2*x**2 - 14*x + 10. Suppose 0 = 3*d + 4*m + 118 + 344, -4*m - 312 = 2*d. Let i = d + 156. Determine g(i).
-2
Let m(f) = 9*f - 4. Let c(t) = t - 1. Let v be (-3 - 2)/((-3)/1 - -4). Let o(q) = v*c(q) + m(q). Let w be o(-2). Let d(k) = -2*k - 9. Calculate d(w).
5
Let t = -34 + 34. Suppose t = n - f + 3, -22 = 5*n - 3*f - 9. Let v be ((-16)/n)/4 + -1. Let d(i) = 6*i**2 - i + 1. Determine d(v).
6
Let g(w) = 11*w**2 - 118*w + 1. Let a(p) = 2*p**2 - 27*p - 1. Let f(n) = -5*a(n) + g(n). Calculate f(-7).
-64
Let i(r) = -r. Let w(k) = 18*k + 12*k - 7 - 36*k. Let q(t) = -4*i(t) + w(t). Suppose b - 9 = -5*s + 5, 0 = -2*b - 5*s + 8. Give q(b).
5
Suppose a = -54*l + 56*l - 9, l = -a. Let f(r) = 3*r + 13 - r - 4*r - 9. Calculate f(a).
10
Suppose 27 - 9 = 3*p. Let g = -7 + p. Let o(u) be the third derivative of -23*u**4/24 + 264*u**2. What is o(g)?
23
Let p(r) = -21*r**2 - 3*r - 1. Let m be 182/14 + -20 - -9. What is p(m)?
-91
Suppose 0 = 4*g - o + 16, -g + 14 = -5*o + 18. Let l(d) = 5*d**2 + 9*d + 3. Let m(x) = 6*x**2 + 11*x + 3. Let t(h) = -7*l(h) + 6*m(h). What is t(g)?
1
Let j(w) = -w**3 - 8*w**2 + 3*w + 21. Suppose 0 = -32*r + 17*r - 120. What is j(r)?
-3
Let j(z) = -62 - 58*z + 16*z + 5*z + 11 + 20*z. Determine j(-4).
17
Let g(j) = 4*j**2 + j - 2. Let f = 317 + -314. Give g(f).
37
Let j(r) = -r**2 + 7*r + 22. Suppose 3*z + 17 = h, 0 = -3*h + 7*h + 4*z + 12. Suppose 3*l = -3, 0 = m + 5*l - 6 + h. Determine j(m).
4
Let t(n) = 0*n**2 + 31*n + 376 - n**2 + 10*n - 10*n - 440. Determine t(29).
-6
Let c(n) = 9 + 83 - 50 + 27*n. Let g(a) = 10*a + 15. Let q(k) = 3*c(k) - 8*g(k). Suppose 2*x = m - 3*x - 20, -50 = 5*m + 5*x. Calculate q(m).
1
Suppose 27*u - 1 = 24*u + 4*q, 3*u - 7 = q. Let f(j) = 10*j + 18. Determine f(u).
48
Let x be 3 + -2 - 4*(-5)/10. Suppose x*p - 18 = -3*p. Let l(s) = -5*s + 2. Let f(o) = -36*o + 15. Let w(r) = -2*f(r) + 15*l(r). Calculate w(p).
-9
Let r(v) be the second derivative of -v**3/2 - 5*v**2/2 + 10*v. Let z(p) = -2 + 8 + 3*p + 3 + 0. Let y be z(-5). Give r(y).
13
Let i(f) = f**2 + 15*f + 51. Let o(u) = -u**3 + 9*u**2 + 26*u - 56. Let x be o(11). What is i(x)?
15
Let y(b) = -5*b**3 + 22*b**2 + 13*b + 11. Let g be y(5). Let r(z) = -18*z**2 + 2*z. Calculate r(g).
-16
Let z = -367 - -364. Let i be (z/18)/(7/(-84)). Let b(p) be the second derivative of 3*p**5/20 - p**4/6 + p**3/2 - p**2 - p. Determine b(i).
20
Let i(f) = f**3 + 5*f**2 - 7*f + 2. Suppose -3*o + 5*t + 22 = 0, -5*o - 3*t + 2 = -3*o. Let z(s) = 2*s**2 - 9*s - 2. Let a be z(o). What is i(a)?
8
Let o be 7/(-21)*(4 + ((-20)/(-5) - 2)). Suppose -2*a + 0 = -2. Let i(z) = -2 + 3 + z - z**3 + a - z**2. What is i(o)?
4
Let c(p) = 13*p - 280. Suppose -3*o + 5*m + 61 = 4*m, -4*m = -8. Determine c(o).
-7
Let c(x) be the first derivative of x**4/4 - 4*x**3/3 - x**2/2 - 4*x + 11913. Calculate c(3).
-16
Suppose 0 = 4*b + 6 - 14. Suppose -11*g = -b*g. Suppose -3*l = -f - 11 - g, 16 = -2*l - 4*f. Let t(q) = -q**3 + 2*q - 2. What is t(l)?
-6
Let g(l) be the first derivative of -31*l**3/3 + l**2/2 - 830. Calculate g(1).
-30
Suppose 2*y = -y + 144. Let i be y*(8/40)/(2/5). Let a = -27 + i. Let h(n) = n - 3. Give h(a).
-6
Let p(r) = -815*r**2 - 4*r - 5. Let b be p(-1). Let n = b + 829. Let a(d) = d - 13. Give a(n).
0
Let l = -269 - -272. Suppose -2*c - 4 = -4*c. Let u(o) = -4*o - 5*o**c + 0*o + 3 + 2*o**2 + 4*o**2. Determine u(l).
0
Let n(j) = -7*j - 1. Let o(q) = 4*q. Let s(c) be the first derivative of -3*c**2/2 + 6*c + 19. Let r be s(3). Let i(k) = r*n(k) - 5*o(k). Give i(-5).
-2
Let u(j) = 2*j**2 - 2*j - 3. Let d(r) = r**3 - 10*r**2 + 10*r - 8. Let h be d(10). Let p = h + -1. Let q = p - 87. Determine u(q).
21
Let i be (-68)/1972 - 233/(-29). Let g(v) = 2*v**2 - 4*v + 10. Calculate g(i).
106
Let c(i) = 2*i + 64. Let q be c(-31). Let f(y) = -2*y + 16 + y**q + y - 6*y + 13 - 31. Give f(8).
6
Let t(c) = -3*c**2 + 22*c + 44. Suppose 24*y - 4*f + 10 = 27*y, 2*y = 2*f - 12. Give t(y).
-12
Let d = 243 - 238. Let r(s) = 4 + 3*s - 2*s + s**2 + 6*s - 12*s. Determine r(d).
4
Let g(o) be the third derivative of -5*o**4/8 + 2*o**3/3 - 6173*o**2. What is g(2)?
-26
Let r(q) = -2*q - 1. Let v(u) = -u + 1. Let l(x) = -r(x) - 3*v(x). Let w(g) = g**2 + 7*g + 2. Let j be w(-6). What is l(j)?
-22
Let u(w) = -w**3 + 12*w**2 - w + 17. Let b be u(12). Suppose 5*m + 3*y - b = 32, 4*m - 28 = -2*y. Let i(s) = s**3 - 5*s**2 - s + 6. Give i(m).
1
Let w(s) = s**2 - 6*s + 2. Suppose 4*u = l - 15, -846*u = -843*u - 4*l - 18. Determine w(u).
74
Let k(b) = -b + 6. Suppose 21*f = -30 - 54. Let m be (-5)/(f/((-8)/(-2))). Determine k(m).
1
Suppose 3*d + 2*s - 63 = 0, 29*d - 4*s + 31 = 30*d. Let v(q) = -q**3 + 19*q**2 - q + 32. Calculate v(d).
13
Let l(y) = 3*y**3 - 31668*y**2 + y + 31675*y**2 - 2*y**3 - 6. Give l(-6).
24
Let d = 53 + -44. Let h(p) = -2*p + 9. Let n(u) = -8*u + 35. Let c(g) = -9*h(g) + 2*n(g). What is c(d)?
7
Let n = 734 + -731. Let k(u) = 9*u**2 + u**n + 7*u + 4 + 2*u + 2*u - 3 + 9. What is k(-8)?
-14
Let k(u) = -u**2 - 15*u - 54. Suppose -417*w + 383*w - 173 = 167. Calculate k(w).
-4
Let h(b) = -b**3 - 19*b**2 - 15*b + 52. Let r be h(-18). Let s(o) = 12*o - 6. Calculate s(r).
-30
Let z be -1*0*2/6. Let g(p) = 3*p - 4. Let k(r) be the second derivative of r**3/6 - r**2/2 - 9*r - 2. Let i(v) = 4*g(v) - 11*k(v). Give i(z).
-5
Let y(r) = 1631 + 19*r**2 - 1600 - 4*r**2 + 3*r + r**3 - 2*r**2 + 0*r**3. Give y(-13).
-8
Suppose -22 + 7 = -5*z. Let y be z/(-6) - (-66)/12. Let b(k) = -k**3 + 4*k**2 + k + 6. What is b(y)?
-14
Let y(f) be the second derivative of 25*f**3/3 + 313*f**2/2 - 5603*f. Calculate y(-6).
13
Let q(s) = -s**2 + 3*s + 4. Let r be q(4). Let x(b) = -118*b**2 - b + 4 + 43*b**2 + 41*b**2 - b + 35*b**2. What is x(r)?
4
Let p(k) = k + 6. Let l(q) = q + 1. Let s be 3/(-1) + (-2 - -3). Let y(v) = s*l(v) + p(v). Suppose -15*w - 80 = -4*n, 8*w = -2*n + 13*w + 30. Calculate y(n).
-1
Suppose 15*w = -7*w - 22. Let h(d) be the third derivative of d**6/24 - d**5/60 - d**4/24 - d**3/6 - 8*d**2. Determine h(w).
-6
Let d(m) = -m**3 - 47*m**2 - 13*m + 1511. Let o be d(-46). Let h(u) = -71*u - 486. Calculate h(o).
11
Let x(t) = -t**2 - 2*t + 66. Let i be x(7). Let o(l) = -3 + 4*l + 17*l**2 + l**i - 21*l**2 - 7*l. Determine o(4).
-15
Let l(q) = 4*q**2 + 10 - 16 - 3*q**2 + 6 + 9*q. Let s(t) = t - 2. Let y be s(-7). Give l(y).
0
Suppose -2*c = -4*u + 135 + 29, 3*c + 2*u = -246. Let a = -90 - c. Let g(h) = h**3 + 10*h**2 + 17*h + 8. Determine g(a).
0
Let n = 62 - 56. Suppose -n = -3*u, -k - 16 = -4*k - 2*u. Let h(d) = 276*d - 278*d - 6 - k. Give h(-7).
4
Let i = 38 + -54. Let k(p) = 23*p**2 - 8*p - 57. Let j(v) = 26*v**2 - 7*v - 64. Let x(s) = 8*j(s) - 9*k(s). What is x(i)?
1
Let i(f) = f**2 + 9*f - 7. Let l(s) = -2*s**3 - 11*s**2 + 22*s + 3. Let r be l(-7). Let v be 3*(-204)/54 + r/(-3). Give i(v).
3
Let f(r) be the second derivative of -1/2*r**3 - 39/2*r**2 - 30*r + 0 + 1/60*r**5 + 7/24*r**4. Let z(c) be the